{"id":72,"date":"2017-03-05T19:50:08","date_gmt":"2017-03-05T19:50:08","guid":{"rendered":"http:\/\/relaunch.wilhelmsdorf-evangelisch.de\/?page_id=72"},"modified":"2024-11-18T17:03:13","modified_gmt":"2024-11-18T16:03:13","slug":"posaunenchor-brunn","status":"publish","type":"page","link":"https:\/\/wilhelmsdorf-evangelisch.de\/?page_id=72","title":{"rendered":"Posaunenchor Brunn"},"content":{"rendered":"<p>Der Posaunenchor Brunn hat im Jahr 2017 sein einhundertelfj\u00e4hriges Bestehen gefeiert. In dieser langen Zeit gab es H\u00f6hen und Tiefen &#8211; so ruhte die Arbeit w\u00e4hrend der beiden Weltkriege &#8211; aber immer wieder haben sich Menschen zusammengefunden, denen es Freude macht, zum Lob Gottes gemeinsam zu musizieren.<\/p>\n<p>Momentan sind wir 20 (mehr oder weniger) ausgebildete Bl\u00e4ser.<br \/>\nWir spielen bei diversen Festgottesdiensten an Weihnachten, Ostern, Pfingsten, Erntedankfest, Kirchweih, Konfirmation, Jubelkonfirmation und bei Gottesdiensten im Freien (weil da keine Orgel zur Verf\u00fcgung steht). Im Advent, an Weihnachten und Ostern spielen wir vor dem Gottesdienst auch in Hohholz auf der Stra\u00dfe.<\/p>\n<p>Bei den \u00e4lteren Geburtstagskindern der Gemeinde bringen wir gerne ein St\u00e4ndele aus Chor\u00e4len und Volksliedern\u00a0 dar.\u00a0 Wir beteiligen uns an Posaunentagen auf Dekanats-, Bezirks- und Landesebene.<br \/>\nAb und zu unternehmen wir einen Ausflug, gehen z.B. gemeinsam Eis essen und feiern gern zusammen. Wichtig ist es uns, die jungen Bl\u00e4ser f\u00fcr unsere Arbeit zu begeistern und in der Gemeinschaft zu verwurzeln (so haben wir schon mit vereinten Kr\u00e4ften das eine oder andere Posaunenchormitglied erfolgreich durch die Pubert\u00e4t gebracht\u2026)<\/p>\n<p>Der Posaunenchor probt montags um 20 Uhr im Gemeindesaal,\u00a0 wir freuen uns \u00fcber Neu- und Wiedereinsteiger. Anf\u00e4nger werden in kleinen Gruppen unterrichtet und behutsam an das gemeinsame Spielen im \u201egro\u00dfen\u201c Chor herangef\u00fchrt.<br \/>\nChorleiter: Paul Zink<\/p>\n<div data-carousel-extra='{&quot;blog_id&quot;:1,&quot;permalink&quot;:&quot;https:\/\/wilhelmsdorf-evangelisch.de\/?page_id=72&quot;}' id='gallery-1' class='gallery galleryid-72 gallery-columns-4 gallery-size-thumbnail'><figure class='gallery-item'>\n\t\t\t<div class='gallery-icon landscape'>\n\t\t\t\t<a href='https:\/\/wilhelmsdorf-evangelisch.de\/?attachment_id=454'><img decoding=\"async\" width=\"150\" height=\"150\" data-src=\"https:\/\/i0.wp.com\/wilhelmsdorf-evangelisch.de\/wp-content\/uploads\/2017\/11\/P1020760.jpg?resize=150%2C150&amp;ssl=1\" class=\"attachment-thumbnail size-thumbnail lazyload\" alt=\"\" aria-describedby=\"gallery-1-454\" data-srcset=\"https:\/\/i0.wp.com\/wilhelmsdorf-evangelisch.de\/wp-content\/uploads\/2017\/11\/P1020760.jpg?resize=150%2C150&amp;ssl=1 150w, https:\/\/i0.wp.com\/wilhelmsdorf-evangelisch.de\/wp-content\/uploads\/2017\/11\/P1020760.jpg?resize=500%2C500&amp;ssl=1 500w, https:\/\/i0.wp.com\/wilhelmsdorf-evangelisch.de\/wp-content\/uploads\/2017\/11\/P1020760.jpg?resize=400%2C400&amp;ssl=1 400w, https:\/\/i0.wp.com\/wilhelmsdorf-evangelisch.de\/wp-content\/uploads\/2017\/11\/P1020760.jpg?zoom=2&amp;resize=150%2C150&amp;ssl=1 300w, https:\/\/i0.wp.com\/wilhelmsdorf-evangelisch.de\/wp-content\/uploads\/2017\/11\/P1020760.jpg?zoom=3&amp;resize=150%2C150&amp;ssl=1 450w\" data-sizes=\"(max-width: 150px) 100vw, 150px\" data-attachment-id=\"454\" data-permalink=\"https:\/\/wilhelmsdorf-evangelisch.de\/?attachment_id=454\" data-orig-file=\"https:\/\/i0.wp.com\/wilhelmsdorf-evangelisch.de\/wp-content\/uploads\/2017\/11\/P1020760.jpg?fit=1024%2C768&amp;ssl=1\" data-orig-size=\"1024,768\" data-comments-opened=\"0\" data-image-meta=\"{&quot;aperture&quot;:&quot;0&quot;,&quot;credit&quot;:&quot;&quot;,&quot;camera&quot;:&quot;&quot;,&quot;caption&quot;:&quot;&quot;,&quot;created_timestamp&quot;:&quot;0&quot;,&quot;copyright&quot;:&quot;&quot;,&quot;focal_length&quot;:&quot;0&quot;,&quot;iso&quot;:&quot;0&quot;,&quot;shutter_speed&quot;:&quot;0&quot;,&quot;title&quot;:&quot;&quot;,&quot;orientation&quot;:&quot;0&quot;}\" data-image-title=\"P1020760\" data-image-description=\"\" data-image-caption=\"&lt;p&gt;111 Jahre Posaunenchor Brunn&lt;\/p&gt;\n\" data-large-file=\"https:\/\/i0.wp.com\/wilhelmsdorf-evangelisch.de\/wp-content\/uploads\/2017\/11\/P1020760.jpg?fit=735%2C551&amp;ssl=1\" src=\"data:image\/svg+xml;base64,PHN2ZyB3aWR0aD0iMSIgaGVpZ2h0PSIxIiB4bWxucz0iaHR0cDovL3d3dy53My5vcmcvMjAwMC9zdmciPjwvc3ZnPg==\" style=\"--smush-placeholder-width: 150px; --smush-placeholder-aspect-ratio: 150\/150;\" \/><\/a>\n\t\t\t<\/div>\n\t\t\t\t<figcaption class='wp-caption-text gallery-caption' id='gallery-1-454'>\n\t\t\t\t111 Jahre Posaunenchor Brunn\n\t\t\t\t<\/figcaption><\/figure><figure class='gallery-item'>\n\t\t\t<div class='gallery-icon landscape'>\n\t\t\t\t<a href='https:\/\/wilhelmsdorf-evangelisch.de\/?attachment_id=251'><img decoding=\"async\" width=\"150\" height=\"150\" data-src=\"https:\/\/i0.wp.com\/wilhelmsdorf-evangelisch.de\/wp-content\/uploads\/2017\/11\/20171031_154144.jpg?resize=150%2C150&amp;ssl=1\" class=\"attachment-thumbnail size-thumbnail lazyload\" alt=\"\" data-srcset=\"https:\/\/i0.wp.com\/wilhelmsdorf-evangelisch.de\/wp-content\/uploads\/2017\/11\/20171031_154144.jpg?resize=150%2C150&amp;ssl=1 150w, https:\/\/i0.wp.com\/wilhelmsdorf-evangelisch.de\/wp-content\/uploads\/2017\/11\/20171031_154144.jpg?resize=400%2C400&amp;ssl=1 400w, https:\/\/i0.wp.com\/wilhelmsdorf-evangelisch.de\/wp-content\/uploads\/2017\/11\/20171031_154144.jpg?zoom=2&amp;resize=150%2C150&amp;ssl=1 300w, https:\/\/i0.wp.com\/wilhelmsdorf-evangelisch.de\/wp-content\/uploads\/2017\/11\/20171031_154144.jpg?zoom=3&amp;resize=150%2C150&amp;ssl=1 450w\" data-sizes=\"(max-width: 150px) 100vw, 150px\" data-attachment-id=\"251\" data-permalink=\"https:\/\/wilhelmsdorf-evangelisch.de\/?attachment_id=251\" data-orig-file=\"https:\/\/i0.wp.com\/wilhelmsdorf-evangelisch.de\/wp-content\/uploads\/2017\/11\/20171031_154144.jpg?fit=600%2C450&amp;ssl=1\" data-orig-size=\"600,450\" data-comments-opened=\"1\" data-image-meta=\"{&quot;aperture&quot;:&quot;1.7&quot;,&quot;credit&quot;:&quot;&quot;,&quot;camera&quot;:&quot;SM-G950F&quot;,&quot;caption&quot;:&quot;&quot;,&quot;created_timestamp&quot;:&quot;1509464504&quot;,&quot;copyright&quot;:&quot;&quot;,&quot;focal_length&quot;:&quot;4.2&quot;,&quot;iso&quot;:&quot;40&quot;,&quot;shutter_speed&quot;:&quot;0.0045454545454545&quot;,&quot;title&quot;:&quot;&quot;,&quot;orientation&quot;:&quot;1&quot;}\" data-image-title=\"20171031_154144\" data-image-description=\"\" data-image-caption=\"\" data-large-file=\"https:\/\/i0.wp.com\/wilhelmsdorf-evangelisch.de\/wp-content\/uploads\/2017\/11\/20171031_154144.jpg?fit=600%2C450&amp;ssl=1\" src=\"data:image\/svg+xml;base64,PHN2ZyB3aWR0aD0iMSIgaGVpZ2h0PSIxIiB4bWxucz0iaHR0cDovL3d3dy53My5vcmcvMjAwMC9zdmciPjwvc3ZnPg==\" style=\"--smush-placeholder-width: 150px; --smush-placeholder-aspect-ratio: 150\/150;\" \/><\/a>\n\t\t\t<\/div><\/figure><figure class='gallery-item'>\n\t\t\t<div class='gallery-icon landscape'>\n\t\t\t\t<a href='https:\/\/wilhelmsdorf-evangelisch.de\/?attachment_id=449'><img decoding=\"async\" width=\"150\" height=\"150\" data-src=\"https:\/\/i0.wp.com\/wilhelmsdorf-evangelisch.de\/wp-content\/uploads\/2017\/11\/IMG_0018.jpg?resize=150%2C150&amp;ssl=1\" class=\"attachment-thumbnail size-thumbnail lazyload\" alt=\"\" aria-describedby=\"gallery-1-449\" data-srcset=\"https:\/\/i0.wp.com\/wilhelmsdorf-evangelisch.de\/wp-content\/uploads\/2017\/11\/IMG_0018.jpg?resize=150%2C150&amp;ssl=1 150w, https:\/\/i0.wp.com\/wilhelmsdorf-evangelisch.de\/wp-content\/uploads\/2017\/11\/IMG_0018.jpg?resize=500%2C500&amp;ssl=1 500w, https:\/\/i0.wp.com\/wilhelmsdorf-evangelisch.de\/wp-content\/uploads\/2017\/11\/IMG_0018.jpg?resize=400%2C400&amp;ssl=1 400w, https:\/\/i0.wp.com\/wilhelmsdorf-evangelisch.de\/wp-content\/uploads\/2017\/11\/IMG_0018.jpg?zoom=2&amp;resize=150%2C150&amp;ssl=1 300w, https:\/\/i0.wp.com\/wilhelmsdorf-evangelisch.de\/wp-content\/uploads\/2017\/11\/IMG_0018.jpg?zoom=3&amp;resize=150%2C150&amp;ssl=1 450w\" data-sizes=\"(max-width: 150px) 100vw, 150px\" data-attachment-id=\"449\" data-permalink=\"https:\/\/wilhelmsdorf-evangelisch.de\/?attachment_id=449\" data-orig-file=\"https:\/\/i0.wp.com\/wilhelmsdorf-evangelisch.de\/wp-content\/uploads\/2017\/11\/IMG_0018.jpg?fit=2048%2C1365&amp;ssl=1\" data-orig-size=\"2048,1365\" data-comments-opened=\"0\" data-image-meta=\"{&quot;aperture&quot;:&quot;0&quot;,&quot;credit&quot;:&quot;&quot;,&quot;camera&quot;:&quot;&quot;,&quot;caption&quot;:&quot;&quot;,&quot;created_timestamp&quot;:&quot;0&quot;,&quot;copyright&quot;:&quot;&quot;,&quot;focal_length&quot;:&quot;0&quot;,&quot;iso&quot;:&quot;0&quot;,&quot;shutter_speed&quot;:&quot;0&quot;,&quot;title&quot;:&quot;&quot;,&quot;orientation&quot;:&quot;0&quot;}\" data-image-title=\"IMG_0018\" data-image-description=\"\" data-image-caption=\"&lt;p&gt;Festgottesdienst zum Jubil\u00e4um&lt;\/p&gt;\n\" data-large-file=\"https:\/\/i0.wp.com\/wilhelmsdorf-evangelisch.de\/wp-content\/uploads\/2017\/11\/IMG_0018.jpg?fit=735%2C490&amp;ssl=1\" src=\"data:image\/svg+xml;base64,PHN2ZyB3aWR0aD0iMSIgaGVpZ2h0PSIxIiB4bWxucz0iaHR0cDovL3d3dy53My5vcmcvMjAwMC9zdmciPjwvc3ZnPg==\" style=\"--smush-placeholder-width: 150px; --smush-placeholder-aspect-ratio: 150\/150;\" \/><\/a>\n\t\t\t<\/div>\n\t\t\t\t<figcaption class='wp-caption-text gallery-caption' id='gallery-1-449'>\n\t\t\t\tFestgottesdienst zum Jubil\u00e4um\n\t\t\t\t<\/figcaption><\/figure><figure class='gallery-item'>\n\t\t\t<div class='gallery-icon landscape'>\n\t\t\t\t<a href='https:\/\/wilhelmsdorf-evangelisch.de\/?attachment_id=451'><img decoding=\"async\" width=\"150\" height=\"150\" data-src=\"https:\/\/i0.wp.com\/wilhelmsdorf-evangelisch.de\/wp-content\/uploads\/2017\/11\/IMG_0098.jpg?resize=150%2C150&amp;ssl=1\" class=\"attachment-thumbnail size-thumbnail lazyload\" alt=\"\" data-srcset=\"https:\/\/i0.wp.com\/wilhelmsdorf-evangelisch.de\/wp-content\/uploads\/2017\/11\/IMG_0098.jpg?resize=150%2C150&amp;ssl=1 150w, https:\/\/i0.wp.com\/wilhelmsdorf-evangelisch.de\/wp-content\/uploads\/2017\/11\/IMG_0098.jpg?resize=500%2C500&amp;ssl=1 500w, https:\/\/i0.wp.com\/wilhelmsdorf-evangelisch.de\/wp-content\/uploads\/2017\/11\/IMG_0098.jpg?resize=400%2C400&amp;ssl=1 400w, https:\/\/i0.wp.com\/wilhelmsdorf-evangelisch.de\/wp-content\/uploads\/2017\/11\/IMG_0098.jpg?zoom=2&amp;resize=150%2C150&amp;ssl=1 300w, https:\/\/i0.wp.com\/wilhelmsdorf-evangelisch.de\/wp-content\/uploads\/2017\/11\/IMG_0098.jpg?zoom=3&amp;resize=150%2C150&amp;ssl=1 450w\" data-sizes=\"(max-width: 150px) 100vw, 150px\" data-attachment-id=\"451\" data-permalink=\"https:\/\/wilhelmsdorf-evangelisch.de\/?attachment_id=451\" data-orig-file=\"https:\/\/i0.wp.com\/wilhelmsdorf-evangelisch.de\/wp-content\/uploads\/2017\/11\/IMG_0098.jpg?fit=2048%2C1365&amp;ssl=1\" data-orig-size=\"2048,1365\" data-comments-opened=\"0\" data-image-meta=\"{&quot;aperture&quot;:&quot;0&quot;,&quot;credit&quot;:&quot;&quot;,&quot;camera&quot;:&quot;&quot;,&quot;caption&quot;:&quot;&quot;,&quot;created_timestamp&quot;:&quot;0&quot;,&quot;copyright&quot;:&quot;&quot;,&quot;focal_length&quot;:&quot;0&quot;,&quot;iso&quot;:&quot;0&quot;,&quot;shutter_speed&quot;:&quot;0&quot;,&quot;title&quot;:&quot;&quot;,&quot;orientation&quot;:&quot;0&quot;}\" data-image-title=\"IMG_0098\" data-image-description=\"\" data-image-caption=\"\" data-large-file=\"https:\/\/i0.wp.com\/wilhelmsdorf-evangelisch.de\/wp-content\/uploads\/2017\/11\/IMG_0098.jpg?fit=735%2C490&amp;ssl=1\" src=\"data:image\/svg+xml;base64,PHN2ZyB3aWR0aD0iMSIgaGVpZ2h0PSIxIiB4bWxucz0iaHR0cDovL3d3dy53My5vcmcvMjAwMC9zdmciPjwvc3ZnPg==\" style=\"--smush-placeholder-width: 150px; --smush-placeholder-aspect-ratio: 150\/150;\" \/><\/a>\n\t\t\t<\/div><\/figure><figure class='gallery-item'>\n\t\t\t<div class='gallery-icon landscape'>\n\t\t\t\t<a href='https:\/\/wilhelmsdorf-evangelisch.de\/?attachment_id=453'><img decoding=\"async\" width=\"150\" height=\"150\" data-src=\"https:\/\/i0.wp.com\/wilhelmsdorf-evangelisch.de\/wp-content\/uploads\/2017\/11\/IMG_0101.jpg?resize=150%2C150&amp;ssl=1\" class=\"attachment-thumbnail size-thumbnail lazyload\" alt=\"\" aria-describedby=\"gallery-1-453\" data-srcset=\"https:\/\/i0.wp.com\/wilhelmsdorf-evangelisch.de\/wp-content\/uploads\/2017\/11\/IMG_0101.jpg?resize=150%2C150&amp;ssl=1 150w, https:\/\/i0.wp.com\/wilhelmsdorf-evangelisch.de\/wp-content\/uploads\/2017\/11\/IMG_0101.jpg?resize=500%2C500&amp;ssl=1 500w, https:\/\/i0.wp.com\/wilhelmsdorf-evangelisch.de\/wp-content\/uploads\/2017\/11\/IMG_0101.jpg?resize=400%2C400&amp;ssl=1 400w, https:\/\/i0.wp.com\/wilhelmsdorf-evangelisch.de\/wp-content\/uploads\/2017\/11\/IMG_0101.jpg?zoom=2&amp;resize=150%2C150&amp;ssl=1 300w, https:\/\/i0.wp.com\/wilhelmsdorf-evangelisch.de\/wp-content\/uploads\/2017\/11\/IMG_0101.jpg?zoom=3&amp;resize=150%2C150&amp;ssl=1 450w\" data-sizes=\"(max-width: 150px) 100vw, 150px\" data-attachment-id=\"453\" data-permalink=\"https:\/\/wilhelmsdorf-evangelisch.de\/?attachment_id=453\" data-orig-file=\"https:\/\/i0.wp.com\/wilhelmsdorf-evangelisch.de\/wp-content\/uploads\/2017\/11\/IMG_0101.jpg?fit=2048%2C1365&amp;ssl=1\" data-orig-size=\"2048,1365\" data-comments-opened=\"0\" data-image-meta=\"{&quot;aperture&quot;:&quot;0&quot;,&quot;credit&quot;:&quot;&quot;,&quot;camera&quot;:&quot;&quot;,&quot;caption&quot;:&quot;&quot;,&quot;created_timestamp&quot;:&quot;0&quot;,&quot;copyright&quot;:&quot;&quot;,&quot;focal_length&quot;:&quot;0&quot;,&quot;iso&quot;:&quot;0&quot;,&quot;shutter_speed&quot;:&quot;0&quot;,&quot;title&quot;:&quot;&quot;,&quot;orientation&quot;:&quot;0&quot;}\" data-image-title=\"IMG_0101\" data-image-description=\"\" data-image-caption=\"&lt;p&gt;Bl\u00e4sergru\u00df&lt;\/p&gt;\n\" data-large-file=\"https:\/\/i0.wp.com\/wilhelmsdorf-evangelisch.de\/wp-content\/uploads\/2017\/11\/IMG_0101.jpg?fit=735%2C490&amp;ssl=1\" src=\"data:image\/svg+xml;base64,PHN2ZyB3aWR0aD0iMSIgaGVpZ2h0PSIxIiB4bWxucz0iaHR0cDovL3d3dy53My5vcmcvMjAwMC9zdmciPjwvc3ZnPg==\" style=\"--smush-placeholder-width: 150px; --smush-placeholder-aspect-ratio: 150\/150;\" \/><\/a>\n\t\t\t<\/div>\n\t\t\t\t<figcaption class='wp-caption-text gallery-caption' id='gallery-1-453'>\n\t\t\t\tBl\u00e4sergru\u00df\n\t\t\t\t<\/figcaption><\/figure><figure class='gallery-item'>\n\t\t\t<div class='gallery-icon landscape'>\n\t\t\t\t<a href='https:\/\/wilhelmsdorf-evangelisch.de\/?attachment_id=452'><img decoding=\"async\" width=\"150\" height=\"150\" data-src=\"https:\/\/i0.wp.com\/wilhelmsdorf-evangelisch.de\/wp-content\/uploads\/2017\/11\/IMG_0100.jpg?resize=150%2C150&amp;ssl=1\" class=\"attachment-thumbnail size-thumbnail lazyload\" alt=\"\" aria-describedby=\"gallery-1-452\" data-srcset=\"https:\/\/i0.wp.com\/wilhelmsdorf-evangelisch.de\/wp-content\/uploads\/2017\/11\/IMG_0100.jpg?resize=150%2C150&amp;ssl=1 150w, https:\/\/i0.wp.com\/wilhelmsdorf-evangelisch.de\/wp-content\/uploads\/2017\/11\/IMG_0100.jpg?resize=500%2C500&amp;ssl=1 500w, https:\/\/i0.wp.com\/wilhelmsdorf-evangelisch.de\/wp-content\/uploads\/2017\/11\/IMG_0100.jpg?resize=400%2C400&amp;ssl=1 400w, https:\/\/i0.wp.com\/wilhelmsdorf-evangelisch.de\/wp-content\/uploads\/2017\/11\/IMG_0100.jpg?zoom=2&amp;resize=150%2C150&amp;ssl=1 300w, https:\/\/i0.wp.com\/wilhelmsdorf-evangelisch.de\/wp-content\/uploads\/2017\/11\/IMG_0100.jpg?zoom=3&amp;resize=150%2C150&amp;ssl=1 450w\" data-sizes=\"(max-width: 150px) 100vw, 150px\" data-attachment-id=\"452\" data-permalink=\"https:\/\/wilhelmsdorf-evangelisch.de\/?attachment_id=452\" data-orig-file=\"https:\/\/i0.wp.com\/wilhelmsdorf-evangelisch.de\/wp-content\/uploads\/2017\/11\/IMG_0100.jpg?fit=2048%2C1365&amp;ssl=1\" data-orig-size=\"2048,1365\" data-comments-opened=\"0\" data-image-meta=\"{&quot;aperture&quot;:&quot;0&quot;,&quot;credit&quot;:&quot;&quot;,&quot;camera&quot;:&quot;&quot;,&quot;caption&quot;:&quot;&quot;,&quot;created_timestamp&quot;:&quot;0&quot;,&quot;copyright&quot;:&quot;&quot;,&quot;focal_length&quot;:&quot;0&quot;,&quot;iso&quot;:&quot;0&quot;,&quot;shutter_speed&quot;:&quot;0&quot;,&quot;title&quot;:&quot;&quot;,&quot;orientation&quot;:&quot;0&quot;}\" data-image-title=\"IMG_0100\" data-image-description=\"\" data-image-caption=\"&lt;p&gt;Einsatz auf dem Herrenstand&lt;\/p&gt;\n\" data-large-file=\"https:\/\/i0.wp.com\/wilhelmsdorf-evangelisch.de\/wp-content\/uploads\/2017\/11\/IMG_0100.jpg?fit=735%2C490&amp;ssl=1\" src=\"data:image\/svg+xml;base64,PHN2ZyB3aWR0aD0iMSIgaGVpZ2h0PSIxIiB4bWxucz0iaHR0cDovL3d3dy53My5vcmcvMjAwMC9zdmciPjwvc3ZnPg==\" style=\"--smush-placeholder-width: 150px; --smush-placeholder-aspect-ratio: 150\/150;\" \/><\/a>\n\t\t\t<\/div>\n\t\t\t\t<figcaption class='wp-caption-text gallery-caption' id='gallery-1-452'>\n\t\t\t\tEinsatz auf dem Herrenstand\n\t\t\t\t<\/figcaption><\/figure><figure class='gallery-item'>\n\t\t\t<div class='gallery-icon landscape'>\n\t\t\t\t<a href='https:\/\/wilhelmsdorf-evangelisch.de\/?attachment_id=455'><img decoding=\"async\" width=\"150\" height=\"150\" data-src=\"https:\/\/i0.wp.com\/wilhelmsdorf-evangelisch.de\/wp-content\/uploads\/2017\/11\/IMG_0229.jpg?resize=150%2C150&amp;ssl=1\" class=\"attachment-thumbnail size-thumbnail lazyload\" alt=\"\" aria-describedby=\"gallery-1-455\" data-srcset=\"https:\/\/i0.wp.com\/wilhelmsdorf-evangelisch.de\/wp-content\/uploads\/2017\/11\/IMG_0229.jpg?resize=150%2C150&amp;ssl=1 150w, https:\/\/i0.wp.com\/wilhelmsdorf-evangelisch.de\/wp-content\/uploads\/2017\/11\/IMG_0229.jpg?resize=500%2C500&amp;ssl=1 500w, https:\/\/i0.wp.com\/wilhelmsdorf-evangelisch.de\/wp-content\/uploads\/2017\/11\/IMG_0229.jpg?resize=400%2C400&amp;ssl=1 400w, https:\/\/i0.wp.com\/wilhelmsdorf-evangelisch.de\/wp-content\/uploads\/2017\/11\/IMG_0229.jpg?zoom=2&amp;resize=150%2C150&amp;ssl=1 300w, https:\/\/i0.wp.com\/wilhelmsdorf-evangelisch.de\/wp-content\/uploads\/2017\/11\/IMG_0229.jpg?zoom=3&amp;resize=150%2C150&amp;ssl=1 450w\" data-sizes=\"(max-width: 150px) 100vw, 150px\" data-attachment-id=\"455\" data-permalink=\"https:\/\/wilhelmsdorf-evangelisch.de\/?attachment_id=455\" data-orig-file=\"https:\/\/i0.wp.com\/wilhelmsdorf-evangelisch.de\/wp-content\/uploads\/2017\/11\/IMG_0229.jpg?fit=2048%2C1365&amp;ssl=1\" data-orig-size=\"2048,1365\" data-comments-opened=\"0\" data-image-meta=\"{&quot;aperture&quot;:&quot;0&quot;,&quot;credit&quot;:&quot;&quot;,&quot;camera&quot;:&quot;&quot;,&quot;caption&quot;:&quot;&quot;,&quot;created_timestamp&quot;:&quot;0&quot;,&quot;copyright&quot;:&quot;&quot;,&quot;focal_length&quot;:&quot;0&quot;,&quot;iso&quot;:&quot;0&quot;,&quot;shutter_speed&quot;:&quot;0&quot;,&quot;title&quot;:&quot;&quot;,&quot;orientation&quot;:&quot;0&quot;}\" data-image-title=\"IMG_0229\" data-image-description=\"\" data-image-caption=\"&lt;p&gt;Kirche im Gr\u00fcnen &amp;#8211; zusammen mit dem Wilhelmsdorfer Bl\u00e4sern&lt;\/p&gt;\n\" data-large-file=\"https:\/\/i0.wp.com\/wilhelmsdorf-evangelisch.de\/wp-content\/uploads\/2017\/11\/IMG_0229.jpg?fit=735%2C490&amp;ssl=1\" src=\"data:image\/svg+xml;base64,PHN2ZyB3aWR0aD0iMSIgaGVpZ2h0PSIxIiB4bWxucz0iaHR0cDovL3d3dy53My5vcmcvMjAwMC9zdmciPjwvc3ZnPg==\" style=\"--smush-placeholder-width: 150px; --smush-placeholder-aspect-ratio: 150\/150;\" \/><\/a>\n\t\t\t<\/div>\n\t\t\t\t<figcaption class='wp-caption-text gallery-caption' id='gallery-1-455'>\n\t\t\t\tKirche im Gr\u00fcnen &#8211; zusammen mit dem Wilhelmsdorfer Bl\u00e4sern\n\t\t\t\t<\/figcaption><\/figure><figure class='gallery-item'>\n\t\t\t<div class='gallery-icon landscape'>\n\t\t\t\t<a href='https:\/\/wilhelmsdorf-evangelisch.de\/?attachment_id=456'><img decoding=\"async\" width=\"150\" height=\"150\" data-src=\"https:\/\/i0.wp.com\/wilhelmsdorf-evangelisch.de\/wp-content\/uploads\/2017\/11\/IMG_2914.jpg?resize=150%2C150&amp;ssl=1\" class=\"attachment-thumbnail size-thumbnail lazyload\" alt=\"\" aria-describedby=\"gallery-1-456\" data-srcset=\"https:\/\/i0.wp.com\/wilhelmsdorf-evangelisch.de\/wp-content\/uploads\/2017\/11\/IMG_2914.jpg?resize=150%2C150&amp;ssl=1 150w, https:\/\/i0.wp.com\/wilhelmsdorf-evangelisch.de\/wp-content\/uploads\/2017\/11\/IMG_2914.jpg?resize=500%2C500&amp;ssl=1 500w, https:\/\/i0.wp.com\/wilhelmsdorf-evangelisch.de\/wp-content\/uploads\/2017\/11\/IMG_2914.jpg?resize=400%2C400&amp;ssl=1 400w, https:\/\/i0.wp.com\/wilhelmsdorf-evangelisch.de\/wp-content\/uploads\/2017\/11\/IMG_2914.jpg?zoom=2&amp;resize=150%2C150&amp;ssl=1 300w, https:\/\/i0.wp.com\/wilhelmsdorf-evangelisch.de\/wp-content\/uploads\/2017\/11\/IMG_2914.jpg?zoom=3&amp;resize=150%2C150&amp;ssl=1 450w\" data-sizes=\"(max-width: 150px) 100vw, 150px\" data-attachment-id=\"456\" data-permalink=\"https:\/\/wilhelmsdorf-evangelisch.de\/?attachment_id=456\" data-orig-file=\"https:\/\/i0.wp.com\/wilhelmsdorf-evangelisch.de\/wp-content\/uploads\/2017\/11\/IMG_2914.jpg?fit=2048%2C1365&amp;ssl=1\" data-orig-size=\"2048,1365\" data-comments-opened=\"0\" data-image-meta=\"{&quot;aperture&quot;:&quot;0&quot;,&quot;credit&quot;:&quot;&quot;,&quot;camera&quot;:&quot;&quot;,&quot;caption&quot;:&quot;&quot;,&quot;created_timestamp&quot;:&quot;0&quot;,&quot;copyright&quot;:&quot;&quot;,&quot;focal_length&quot;:&quot;0&quot;,&quot;iso&quot;:&quot;0&quot;,&quot;shutter_speed&quot;:&quot;0&quot;,&quot;title&quot;:&quot;&quot;,&quot;orientation&quot;:&quot;0&quot;}\" data-image-title=\"IMG_2914\" data-image-description=\"\" data-image-caption=\"&lt;p&gt;Einsatz bei der Hohholzer Kirchweih&lt;\/p&gt;\n\" data-large-file=\"https:\/\/i0.wp.com\/wilhelmsdorf-evangelisch.de\/wp-content\/uploads\/2017\/11\/IMG_2914.jpg?fit=735%2C490&amp;ssl=1\" src=\"data:image\/svg+xml;base64,PHN2ZyB3aWR0aD0iMSIgaGVpZ2h0PSIxIiB4bWxucz0iaHR0cDovL3d3dy53My5vcmcvMjAwMC9zdmciPjwvc3ZnPg==\" style=\"--smush-placeholder-width: 150px; --smush-placeholder-aspect-ratio: 150\/150;\" \/><\/a>\n\t\t\t<\/div>\n\t\t\t\t<figcaption class='wp-caption-text gallery-caption' id='gallery-1-456'>\n\t\t\t\tEinsatz bei der Hohholzer Kirchweih\n\t\t\t\t<\/figcaption><\/figure>\n\t\t<\/div>\n\n","protected":false},"excerpt":{"rendered":"<p>Der Posaunenchor Brunn hat im Jahr 2017 sein einhundertelfj\u00e4hriges Bestehen gefeiert. In dieser langen Zeit gab es H\u00f6hen und Tiefen &#8211; so ruhte die Arbeit w\u00e4hrend der beiden Weltkriege &#8211; &hellip; <\/p>\n","protected":false},"author":1,"featured_media":0,"parent":0,"menu_order":0,"comment_status":"closed","ping_status":"closed","template":"","meta":{"footnotes":""},"class_list":["post-72","page","type-page","status-publish","hentry"],"jetpack_sharing_enabled":true,"jetpack_shortlink":"https:\/\/wp.me\/P8teGU-1a","_links":{"self":[{"href":"https:\/\/wilhelmsdorf-evangelisch.de\/index.php?rest_route=\/wp\/v2\/pages\/72","targetHints":{"allow":["GET"]}}],"collection":[{"href":"https:\/\/wilhelmsdorf-evangelisch.de\/index.php?rest_route=\/wp\/v2\/pages"}],"about":[{"href":"https:\/\/wilhelmsdorf-evangelisch.de\/index.php?rest_route=\/wp\/v2\/types\/page"}],"author":[{"embeddable":true,"href":"https:\/\/wilhelmsdorf-evangelisch.de\/index.php?rest_route=\/wp\/v2\/users\/1"}],"replies":[{"embeddable":true,"href":"https:\/\/wilhelmsdorf-evangelisch.de\/index.php?rest_route=%2Fwp%2Fv2%2Fcomments&post=72"}],"version-history":[{"count":4,"href":"https:\/\/wilhelmsdorf-evangelisch.de\/index.php?rest_route=\/wp\/v2\/pages\/72\/revisions"}],"predecessor-version":[{"id":6450,"href":"https:\/\/wilhelmsdorf-evangelisch.de\/index.php?rest_route=\/wp\/v2\/pages\/72\/revisions\/6450"}],"wp:attachment":[{"href":"https:\/\/wilhelmsdorf-evangelisch.de\/index.php?rest_route=%2Fwp%2Fv2%2Fmedia&parent=72"}],"curies":[{"name":"wp","href":"https:\/\/api.w.org\/{rel}","templated":true}]}}